r of 40940 and 2760?
460
Calculate the highest common divisor of 25529 and 98.
49
What is the highest common divisor of 20 and 277205?
5
What is the highest common divisor of 983894 and 230?
46
What is the highest common factor of 167171 and 1916?
479
What is the greatest common divisor of 20713 and 7238?
77
Calculate the highest common factor of 696 and 697566.
174
Calculate the greatest common factor of 154 and 31834.
22
Calculate the greatest common factor of 2129 and 18179531.
2129
Calculate the greatest common factor of 736 and 4096.
32
What is the highest common factor of 481 and 702?
13
Calculate the greatest common divisor of 1088 and 123896.
136
Calculate the greatest common factor of 3625 and 406.
29
What is the highest common factor of 348128 and 1288?
184
What is the highest common factor of 586 and 109289?
293
What is the highest common factor of 266409 and 66?
33
Calculate the greatest common divisor of 50466 and 156.
78
What is the highest common factor of 179 and 814271?
179
What is the highest common divisor of 1706967 and 662?
331
Calculate the highest common factor of 264 and 68184.
24
Calculate the highest common factor of 125466 and 1056.
66
Calculate the highest common factor of 567 and 7884.
27
What is the greatest common factor of 2050 and 49600?
50
Calculate the greatest common factor of 64 and 49904.
16
Calculate the greatest common factor of 1130 and 460.
10
What is the highest common factor of 174 and 27376?
58
Calculate the highest common factor of 4000 and 1792.
32
Calculate the greatest common divisor of 140 and 15995.
35
Calculate the highest common factor of 287420 and 420.
140
Calculate the greatest common factor of 219 and 87089.
73
Calculate the greatest common factor of 3522 and 1038.
6
What is the greatest common divisor of 1503433 and 1447?
1447
Calculate the greatest common divisor of 166 and 153716.
166
Calculate the greatest common factor of 122902 and 116.
58
Calculate the greatest common factor of 3505035 and 15.
15
What is the highest common factor of 57095 and 95?
95
Calculate the greatest common divisor of 47736 and 9984.
312
Calculate the greatest common factor of 1088 and 64634.
34
Calculate the greatest common factor of 88293 and 57.
57
What is the greatest common factor of 77814 and 270?
54
Calculate the highest common divisor of 22 and 118723.
11
Calculate the highest common divisor of 44356 and 117.
13
Calculate the greatest common factor of 32200 and 92.
92
Calculate the highest common factor of 147016 and 1034.
94
What is the greatest common factor of 94 and 52?
2
Calculate the greatest common divisor of 372294 and 468.
234
What is the greatest common divisor of 3483 and 5697?
27
Calculate the greatest common divisor of 300 and 400.
100
Calculate the greatest common divisor of 1119 and 69.
3
Calculate the highest common divisor of 605 and 7385.
5
Calculate the highest common divisor of 24 and 6996.
12
What is the highest common divisor of 126 and 2961?
63
What is the highest common divisor of 579020 and 1300?
260
What is the highest common factor of 324 and 24012?
36
Calculate the greatest common factor of 656 and 976.
16
What is the highest common divisor of 26433 and 5963?
89
Calculate the greatest common divisor of 86 and 324134.
86
Calculate the highest common factor of 1440 and 304.
16
Calculate the greatest common factor of 266 and 29932.
14
Calculate the greatest common divisor of 808 and 136148.
404
What is the greatest common divisor of 3877038 and 189?
27
Calculate the greatest common factor of 642 and 1038.
6
What is the highest common factor of 67209 and 387?
129
Calculate the greatest common factor of 1040 and 11635.
65
Calculate the highest common divisor of 564 and 2049764.
188
What is the highest common divisor of 86940 and 140?
140
Calculate the greatest common factor of 1360 and 468860.
340
What is the highest common divisor of 5830 and 1430?
110
What is the highest common divisor of 301115 and 5?
5
What is the highest common divisor of 85 and 176885?
85
Calculate the greatest common factor of 84 and 262220.
28
Calculate the greatest common divisor of 444651 and 1545.
309
Calculate the highest common divisor of 1093757 and 74.
37
What is the greatest common factor of 2236 and 3171766?
1118
What is the greatest common divisor of 986 and 638?
58
What is the highest common divisor of 6164665 and 130?
65
Calculate the highest common factor of 244 and 84668.
244
What is the highest common divisor of 36168 and 22?
22
What is the highest common factor of 9171 and 36?
9
Calculate the greatest common factor of 91 and 23044.
7
Calculate the greatest common divisor of 3982 and 121.
11
What is the greatest common factor of 2300 and 283636?
92
Calculate the highest common divisor of 414 and 702742.
46
Calculate the greatest common divisor of 27432 and 4953.
381
Calculate the highest common divisor of 1184 and 33596.
148
Calculate the greatest common factor of 178558 and 292.
146
What is the highest common divisor of 36 and 3573?
9
Calculate the highest common divisor of 33 and 2402895.
33
Calculate the greatest common divisor of 435 and 2025.
15
What is the highest common divisor of 39 and 187863?
39
Calculate the greatest common factor of 3312 and 10523328.
1104
Calculate the greatest common divisor of 51788 and 193116.
484
What is the highest common factor of 183 and 61793?
61
What is the highest common divisor of 1469 and 1352?
13
What is the highest common divisor of 17922 and 236076?
618
Calculate the highest common divisor of 41961 and 6603.
213
Calculate the highest common divisor of 960066 and 15460.
1546
Calculate the highest common factor of 288 and 1380.
12
Calculate the greatest common factor of 31738 and 56.
14
Calculate the greatest common divisor of 116 and 184498.
58
What is the highest common divisor of 1188 and 30591?
297
What is the highest common divisor of 168366 and 66?
66
What is the highest common divisor of 453 and 42733?
151
What is the highest common divisor of 168128 and 71?
71
What is the greatest common factor of 61464 and 13182?
78
Calculate the highest common factor of 140964 and 51.
51
What is the highest common divisor of 2574 and 5967?
117
What is the highest common divisor of 366 and 92415?
183
What is the greatest common factor of 23443 and 476?
119
Calculate the greatest common factor of 7002 and 24282.
18
What is the highest common divisor of 75990 and 2856?
102
What is the highest common divisor of 120 and 1734440?
40
What is the greatest common divisor of 6498 and 37183?
361
Calculate the greatest common divisor of 77286 and 1914.
66
What is the greatest common factor of 1500 and 339500?
500
Calculate the highest common factor of 322 and 308.
14
Calculate the highest common factor of 3710 and 11046.
14
Calculate the greatest common divisor of 108 and 80472.
12
Calculate the highest common divisor of 534 and 737632.
178
What is the greatest common factor of 18881 and 7426?
79
What is the greatest common divisor of 41062 and 294?
98
Calculate the highest common factor of 883384 and 644.
92
Calculate the highest common divisor of 45 and 136995.
15
What is the greatest common factor of 2448 and 4182?
102
Calculate the greatest common factor of 1394697 and 69.
69
What is the highest common divisor of 160 and 629120?
160
Calculate the greatest common factor of 784 and 3184.
16
What is the greatest common factor of 3190253 and 11?
11
What is the highest common divisor of 2853 and 423?
9
What is the highest common divisor of 97061 and 101?
101
What is the greatest common divisor of 1880 and 240?
40
Calculate the greatest common divisor of 8 and 118670.
2
Calculate the greatest common divisor of 71 and 66101.
71
What is the highest common divisor of 13248 and 31280?
368
What is the highest common factor of 510545 and 1305?
145
What is the greatest common divisor of 66 and 16572?
6
What is the highest common factor of 375 and 341625?
375
Calculate the greatest common factor of 11809 and 5302.
241
What is the highest common divisor of 61984 and 2912?
416
Calculate the greatest common factor of 416 and 6928.
16
Calculate the highest common divisor of 66 and 36729.
33
What is the greatest common divisor of 392020 and 68?
68
Calculate the highest common